+ 150. Let c = -361 + 559. Suppose 9*b + 0*b - c = 0. What is the greatest common factor of h and b?
11
Let c = 8 - 8. Let n be 2/(2/8 + c). Let s be 214/6 - n/(-24). Calculate the greatest common factor of 54 and s.
18
Let p be (-9)/((-63)/(-14))*(3 - 70). Calculate the highest common divisor of 737 and p.
67
Suppose 20*y = -6 + 206. What is the highest common divisor of y and 34?
2
Let l = -403 + 903. What is the highest common divisor of 20 and l?
20
Let n be 198/12 - (-1)/(-2). Suppose 3*g - 366 = -3*m, 0 = 2*m + 2*m - 8. Suppose 2*x + g = 5*x. Calculate the highest common factor of n and x.
8
Let m(v) = -v**3 - 4*v**2 + v - 9. Let i be m(-5). Let j(a) = a**3 - 11*a**2 + 2*a + 13. Let x be j(i). What is the highest common divisor of x and 10?
5
Let b = 207 - 198. What is the greatest common divisor of 81 and b?
9
Let r be 9 + -5 - 5 - 94. Let f = r + 103. What is the highest common divisor of f and 24?
8
Suppose 2*h - 54 = -2. Let w = -2 + h. Calculate the highest common factor of w and 72.
24
Suppose d - 1 - 10 = 0. Let l = 16 + d. Suppose -81 = -24*q - 3*q. Calculate the highest common divisor of l and q.
3
Suppose -3*s - 61 + 241 = 0. Suppose 144 = -4*v - 2*l, 3*l = -v + 8 - 49. Let i = 41 + v. Calculate the highest common factor of s and i.
6
Let n be ((-1)/(-2))/((-2)/(-8)). Suppose n*b - b = 7. Suppose f - b = -0*f. Calculate the greatest common factor of f and 35.
7
Suppose 0 = -4*t - 0*t + 200. Suppose 0 = -12*a + 250 + 1646. Let h = a + -83. Calculate the highest common divisor of h and t.
25
Let o = -1140 + 1293. Calculate the highest common divisor of o and 9.
9
Suppose 11*c + 340 = 31*c. Suppose 160 = 2*p + 5*n, -n + 0*n = 2. Calculate the greatest common divisor of c and p.
17
Suppose 16*m + 253 = 957. What is the highest common factor of 121 and m?
11
Let d(b) = -40*b + 54. Let u be d(0). What is the highest common divisor of u and 1107?
27
Let u(m) = 10*m + 3 - 38 - 13*m. Let t be u(-17). What is the greatest common divisor of t and 40?
8
Suppose 0 = -5*o + 10*o. Suppose 4*h - 4*n + 20 = o, -h - n = 3*n - 20. Let m be (-3 - -32) + 3 - h. Calculate the greatest common factor of 80 and m.
16
Suppose 2*i + 3*p = -i + 33, 2*p = -3*i + 28. Suppose 624 = 76*f - 23*f - 648. Calculate the greatest common factor of i and f.
6
Let c = 5477 + -3251. What is the greatest common factor of c and 53?
53
Let q(s) = -s + 18. Let g be q(10). Let p = 4 + g. Calculate the highest common divisor of 96 and p.
12
Let w(v) = -v + 17. Let s be w(8). Let y be (-77675)/(-375) - 4/30. Calculate the highest common divisor of y and s.
9
Suppose 0 = 2*j - 4*y - 16, 19*j + 3*y + 17 = 21*j. What is the highest common factor of j and 1030?
10
Let f(p) = 31*p + 127. Let o be f(-4). What is the highest common divisor of 75 and o?
3
Let p be ((-4)/6)/(-4 + 55/15). Suppose -p*z + 2 = 0, 5*x - 1 = -3*z + 142. Calculate the greatest common divisor of 140 and x.
28
Let c = 222 - 141. Calculate the highest common divisor of 9 and c.
9
Let v = 26 + -25. Let a be 218 - (v + -5 - -2). What is the highest common factor of 20 and a?
20
Suppose -5*t - 20 = -9*t. Suppose -3*h = t*z - 695, 5*h - 700 = -5*z + h. Calculate the highest common factor of z and 34.
34
Let p be (41 - 2) + 7 - -2. Calculate the highest common factor of 3 and p.
3
Suppose -4*j + 26 = 6, -40 = -5*r - 3*j. Let x = -57 + 82. What is the highest common divisor of r and x?
5
Let p be -1*(-2 - -25) + 2. Let h be 4/(-14) + (-3408)/p. Let r be (((-44)/33)/4)/(2/(-162)). Calculate the greatest common divisor of h and r.
27
Let f = 40 - 236. Let b = f + 361. Calculate the greatest common factor of b and 33.
33
Suppose 2*p = -2*u + 34, 5*u - 41 + 1 = 4*p. Let v be (-4)/u - (-1442)/6. Calculate the greatest common factor of v and 30.
30
Suppose -d = 3*d + 16. Let b be d/2 - 3/(-1). Let v be (b - 1) + 31 + 2. Calculate the highest common factor of v and 11.
11
Let d(w) = 7*w - 7. Let m be d(5). Let o = -155 - -130. Let h be (o + 4)*(-2)/1. Calculate the greatest common divisor of m and h.
14
Suppose 2*t = -0*s + 5*s + 9, -4*t + 73 = s. Let b(a) = 2*a**2 + 77*a + 433. Let m be b(-32). What is the greatest common factor of m and t?
17
Let m = 1171 - 971. Calculate the highest common factor of m and 8.
8
Suppose -n = i - 6, -4*n + 0*i + 18 = 2*i. Calculate the highest common divisor of n and 33.
3
Suppose 11 - 6 = -5*q. Let u be 0/q + 158 + -3. Suppose m - 2*h - u = -6*h, 0 = m + 5*h - 160. What is the highest common factor of 15 and m?
15
Let s be (-34)/(-4) + (-2)/4. Suppose -56*p + 54*p = -5*y + 372, 3*y + 4*p - 192 = 0. Calculate the highest common divisor of s and y.
8
Let h = 914 + -874. Calculate the highest common divisor of h and 8.
8
Let g be (-20)/3*(-27)/18. Suppose -5*u = -3*f + 111 + 19, 5*f - 242 = 2*u. Calculate the highest common factor of g and f.
10
Let b = -566 - -588. What is the highest common factor of b and 275?
11
Suppose 5*s - 3*c - 221 = 0, -2*s - 41 = -5*c - 118. What is the greatest common factor of s and 782?
46
Let b be (4/12*6)/((-4)/(-22)). Calculate the highest common factor of b and 352.
11
Suppose -3*w + c - 29 = 2*c, 5*w + 49 = -2*c. Let n be (3/w)/1*-33. What is the greatest common divisor of n and 33?
11
Let z = 115 - 35. Let q be 4/(-14) + 6 + z/35. What is the highest common factor of 8 and q?
8
Suppose -8*l + 304 = -320. What is the highest common factor of 130 and l?
26
Let g(t) = t**3 + 5*t**2 - 2*t - 4. Let f be g(-5). Let q be (4 + 2/(-1))*(-162)/(-81). Let a = f - q. Calculate the highest common factor of a and 4.
2
Let w(x) = -x**2 - 6*x + 6. Let r be w(-2). Calculate the greatest common factor of 91 and r.
7
Let h be ((-21)/(-4))/((-3)/(-980)*7). What is the greatest common divisor of h and 70?
35
Let q be (-2*(-4)/(-32))/((-7)/84). What is the highest common factor of q and 24?
3
Let g be 2387/77 + (-3)/(-1). Calculate the greatest common factor of 136 and g.
34
Let w be -25*1*(-4)/10. Let f(u) = -u - 4*u - 7*u**2 + 6*u**2 + 9*u**2 - u**3. Let p be f(5). Calculate the highest common factor of w and p.
10
Suppose -3*o = -980 + 218. Suppose o + 16 = 5*a. Calculate the highest common factor of a and 18.
18
Suppose 10*r - 88 = -r. What is the highest common factor of r and 100?
4
Let w be (3 + (-20)/8)*26. Let j = 13 - w. Let n be -3 + (25 - (0 + j)). Calculate the highest common divisor of n and 2.
2
Let h be 7/((-14)/(-8)) + 5. What is the highest common factor of 27 and h?
9
Let w be 1182/(-33) + (-4)/22. Let n = -30 - w. Calculate the highest common factor of 4 and n.
2
Let b be ((-9)/2)/(18/(-96)). Let u be 4/6 + 8/b. Calculate the highest common factor of 2 and u.
1
Suppose -138 = -6*l + 576. Calculate the greatest common divisor of l and 17.
17
Suppose -29*i - 1268 = -3878. What is the highest common divisor of 4 and i?
2
Let a(w) = -3*w**3 + 3*w**2 + 3*w + 1. Let f be a(-1). Let x be 1/2*190 + f. Suppose -h - h = -22. Calculate the highest common divisor of x and h.
11
Let v = 146 + -140. Calculate the highest common divisor of 72 and v.
6
Let u = 49 + -56. Let q = u + 18. Calculate the highest common factor of q and 121.
11
Let q = -9 - -8. Let p be (2 - q) + (-63)/(-7). Let k be 28/7 - (1 + -1). Calculate the greatest common factor of k and p.
4
Suppose 3*p + 12 = 6*p. Let k = 2 + p. Calculate the greatest common divisor of k and 30.
6
Suppose r - 10 = -3*j, 0*j - 2*j + 8 = 2*r. Suppose 0 = -3*f + j*i + 210, f - 60 = -5*i + i. Calculate the highest common factor of f and 17.
17
Let i(q) = 2*q + 18. Let a be i(-8). Let w = 18 + -27. Let g be w/a*(9 - 11). Calculate the highest common divisor of g and 6.
3
Let f(g) = 3*g**2 + 2*g - 105. Let w be f(16). Calculate the greatest common divisor of 5 and w.
5
Let u = -101 + 425. Calculate the greatest common divisor of 72 and u.
36
Let o(q) = q**3 + 7*q**2 + 5*q + 2. Let t be o(-6). Suppose -12*h + 29*h = 34. What is the greatest common divisor of h and t?
2
Suppose -30*n = -25*n + 5*o - 5315, o - 3 = 0. Calculate the greatest common factor of 20 and n.
20
Let k(f) = -8*f + 42. Let c be k(-24). Suppose -y + 238 = c. Let v be 22/5 - (-2)/(-5). What is the highest common divisor of v and y?
4
Let i = 1565 + -1279. What is the highest common divisor of i and 52?
26
Let m = -1924 - -1936. Let c = -27 + 159. Calculate